i(q) = q**2 - 6*q. Let b(j) = -j + 8. Let h be -3 - -12*2/3. Let d be b(h). Let k be 3/(-9) + 19/d. What is i(k)?
0
Let d(y) = 4*y**3 + 15*y**2 + 9*y - 1. Let o be d(-3). Let c(g) = -g - 4*g**2 - 1 + g**2 - 2*g**2. Determine c(o).
-5
Let w = -4/79 + 127/948. Let l(a) be the second derivative of -1/2*a**2 - 1/20*a**5 + 0 + w*a**4 + 7*a + 1/3*a**3. Determine l(3).
-13
Let r be (1/(-2))/((-7)/(-70)). Let z(k) = 2*k. Let f(g) = -4*g - 1 + 1 - 1. Let a(c) = r*z(c) - 2*f(c). What is a(2)?
-2
Let r(x) = -3*x**3 + 2*x + 2*x**2 + 4*x**3 - 11 + 13. Let a be r(-1). Let n(d) = 3*d. What is n(a)?
3
Let y(m) = -m**3 - 5*m**2 - 6*m - 6. Let b(n) be the first derivative of n**4/4 - 8*n**3/3 - n**2 + 12*n - 11. Let a be b(8). Calculate y(a).
2
Let j(i) = -6*i**2. Let h be (-105)/(-245) - (1 + 22/(-14)). What is j(h)?
-6
Let v be -2 + 1 + (-12)/4. Let g be (-18)/(-12) + (-10)/v. Let p(h) = h**3 - 6*h**2 + 6*h. Determine p(g).
-8
Let r(n) = n**2 - 19*n + 37. Let w be r(17). Suppose -3*h = w*h - 18. Suppose 0 = 5*q + 3*m + h, -2*m - 2 = -q - q. Let d(f) = f**3 + 10. Calculate d(q).
10
Let g = -5 - 2. Let o(a) = a - 106 + 57 + 52. Determine o(g).
-4
Let b(v) be the third derivative of v**6/120 - 11*v**5/60 + v**4/24 - 13*v**3/6 - 374*v**2. Give b(11).
-2
Suppose 5*k - k - 12 = 3*q, 0 = q + 4. Let w(j) = -3 + k - 10 + 3*j + 2. Give w(8).
13
Let i(p) = p - 7. Let l be i(4). Let v be 6/(l*3/9). Let u(j) = 2*j + 4. Give u(v).
-8
Let y be (57 + -1)*2/(-4). Let r = 20 + y. Let p(b) = b**2 + 7*b - 10. Give p(r).
-2
Let p(x) = 31*x**2 + 48 - 45 - 4. Give p(1).
30
Suppose 68*p = 65*p + 6. Let w(f) = f**3 + f**2 - 2*f + 1. Let d be w(1). Let o(c) = -1 - 2 + c**p - d - 4*c. Give o(6).
8
Let p be (0 - 1)/(1/(-3)). Suppose -g - 4*g = p*f + 5, -g - 18 = 4*f. Let u(h) = -h**3 - h. Determine u(g).
-10
Let c(u) = u**2 + 5*u - 4. Let a(g) = g + 19. Let z be a(-8). Let o(j) = j + 9. Let y be o(z). Suppose y = -9*b + 5*b. What is c(b)?
-4
Suppose -5*h - 5 = -2*s, -8*s + 3*h = -13*s - 3. Let j(i) = -i**2 + i + 10. Give j(s).
10
Suppose 3*z + 3*j = -2*z + 5991, 3*j = -3*z + 3591. Let x be z/175 + (-2)/(-14). Let d(u) = -u**3 + 8*u**2 - 9*u + 8. Give d(x).
-6
Let h(z) = 4*z**3 + 5*z**2 + 6. Let i(p) = -11*p**3 - 14*p**2 + p - 17. Let d be (-3)/(-9) - 207/(-27). Let y(s) = d*h(s) + 3*i(s). Calculate y(-3).
-3
Let b(u) = -8*u**2 - 5*u + 3. Let z(r) = -7*r**2 - 4*r + 2. Let a(m) = -4*b(m) + 5*z(m). Calculate a(2).
-14
Let o(i) = -2*i + 4. Let l(r) = r**2 + 3*r - 5. Let y(b) = 4*l(b) + 5*o(b). What is y(-2)?
12
Let s be 5*5/(0 - 5). Suppose 3*d = 10 - 1. Let b(t) = 3*t**2 + 3*t + t**2 + t**2 + t**d - 4*t. Give b(s).
5
Let c = 728 - 726. Let w(z) = 3*z**3 + z + 2. What is w(c)?
28
Let u(t) = 31*t**3 + 6*t**2 + 8*t - 5. Let i(g) = -27*g**3 - 6*g**2 - 8*g + 4. Let z(m) = -8*i(m) - 7*u(m). Calculate z(7).
10
Let g(d) = -d - 3. Suppose -3 + 13 = -2*q + y, 0 = 5*q - 5*y + 30. Calculate g(q).
1
Let z be (-6)/(-10) + (-91)/60 + 1. Let r(l) be the second derivative of 5/6*l**3 - 4*l**2 + 0 + 3*l + z*l**4. Determine r(-6).
-2
Let x(v) = -v**3 - v**2 - v - 12. Suppose -8*d + 3*d = 0. Let b be (2/8*-2*d)/1. Calculate x(b).
-12
Let s(a) = -a**3 + 7*a**2 + 9*a + 6. Let c(j) = -32 + 76 - 39 - 3*j. Let v be c(-1). Give s(v).
14
Let c(y) be the first derivative of 2*y**3/3 - 2*y**2 + 5*y - 16. Determine c(4).
21
Let q(d) = -3*d + 25. Let a(m) = -6*m**2 - 69*m - 24. Let b be a(-11). Let w(i) = i - 12. Suppose -s = 2*s - 12. Let g(z) = b*w(z) + s*q(z). Calculate g(-6).
10
Let k(r) = r**3 + 4*r**2 + 2*r + 3. Suppose 5*w - 17 = -4*i - 58, 2*i - 2*w = 2. Determine k(i).
-5
Let y(x) = -7*x**3 - 4*x**2 + 10*x - 2. Let i = 32 + -37. Let b(c) = -6*c**3 - 3*c**2 + 9*c - 2. Let h(z) = i*y(z) + 6*b(z). Calculate h(3).
1
Let f(u) = 5*u**2 + 28*u - 27. Let b(o) = -3*o**2 - 13*o + 13. Let k(i) = 7*b(i) + 4*f(i). Give k(20).
3
Let g(c) = -c**2 - c + 5. Suppose -36 = 9*j - 81. Give g(j).
-25
Let x(q) = -q**3 + 21*q**2 - 19*q - 27. Let w be x(20). Let u = -15 - w. Let k(r) = -r**2 - 7*r + 5. Give k(u).
-3
Let v(p) = 25 - 19 - 12 - 2*p. Let t = -12 + 22. Let z be (0 + t/6)*-3. Determine v(z).
4
Let u(h) = -1231*h + 613*h + 611*h + h**2. Determine u(6).
-6
Let l be (3/15 - 58/(-10))*1. Let p(s) = s. Give p(l).
6
Let c(w) = -w**2 - w - 5. Suppose -5*f = -5*y, 3*y = 8*f - 6*f. Calculate c(f).
-5
Let k(w) = -w + 0*w + 4*w. Suppose 5*p = -m + 106, -3*p + 3*m + 39 = -p. Suppose -4*d + 17 - p = 0. Give k(d).
-3
Let h = 70 - 67. Let f(b) = 182 - 89 - 2*b + b**2 - 92 - 11*b**h. Determine f(1).
-11
Let q(r) be the second derivative of r**6/720 - r**5/40 - 13*r**4/6 + 20*r. Let p(f) be the third derivative of q(f). Determine p(5).
2
Let l = -16 - -20. Let v(h) be the first derivative of -h**4/4 + h**3 + 2*h**2 + 2*h + 1. Calculate v(l).
2
Let z(i) = -4*i**3 + 5*i**3 + 5781*i - 7*i**2 - 5774*i. What is z(6)?
6
Let s = -118 - -122. Let w(m) = 9*m + 1. Let p(i) = i + 8. Let x(n) = -1. Let b(a) = 3*p(a) + 24*x(a). Let k(g) = s*w(g) - 11*b(g). Give k(-4).
-8
Suppose 63 = -4*j + 35. Let u(k) be the first derivative of -k**3/3 - 7*k**2/2 + k - 1. What is u(j)?
1
Let k(t) = -t**2 + 3*t - 1. Suppose -3*c + 0*c = -4*c. Suppose -5*s + 0 - 12 = -3*b, c = -2*s. Determine k(b).
-5
Let i be (3/4)/(9/24). Let y(h) = -h - 1. Let u(l) = l + 2. Let w(x) = i*u(x) + 3*y(x). Let n = -4 + 3. Calculate w(n).
2
Let x = 766 + -769. Let k(l) = l**2 - l - 5. Determine k(x).
7
Let g(y) = -y**3 + 2*y**2 - 2*y - 2. Suppose 4*h + 2 = -5*s, 2*s - 5*h = 2 + 17. Determine g(s).
-6
Suppose 132*j = 144*j - 72. Let s(q) = -4*q**2 - 10*q + 2. Let k(g) = 3*g**2 + 9*g - 1. Let m(n) = 5*k(n) + 4*s(n). Give m(j).
-3
Let q(r) = -6*r**2 + r + 4. Let z(v) = 17*v**2 - 3*v - 11. Let t(j) = -11*q(j) - 4*z(j). Let g be 2/(-2*(-1)/(-8)). Let m = g + 9. Calculate t(m).
-1
Let r(m) be the first derivative of m**4/4 + 10*m**3/3 - m**2/2 - 11*m + 39. What is r(-10)?
-1
Let j = 30 + -32. Let w(o) = -3 + 2 + 0 + 3*o**2 - 2*o**2. Give w(j).
3
Let m = 2049 - 2055. Let b(l) = l**3 + 3*l**2 - 19*l - 7. Calculate b(m).
-1
Let b = -858 + 861. Let x(n) = -3*n**3 + 4*n**2 - 3*n - 3. Let g(p) = 13*p**3 - 16*p**2 + 13*p + 13. Let l(a) = -2*g(a) - 9*x(a). What is l(b)?
-5
Let o(b) = -11*b + 5. Let w(s) = -11*s + 6. Let i(l) = 3*l + 22. Let d be i(-9). Let p(r) = d*o(r) + 4*w(r). Determine p(1).
10
Suppose -a - z = 4*a - 1, 0 = -4*z + 4. Let b(n) be the third derivative of 1/6*n**4 + a*n - 2/3*n**3 - 5*n**2 + 0. What is b(3)?
8
Let l(g) = -g**2 + 5*g + 5. Let t = 25 + 7. Suppose 0 = -3*o - 20 + t. What is l(o)?
9
Let b(j) = 57*j + 15 - 17 - 56*j + 7*j**2. What is b(1)?
6
Let f(d) = -51*d**3 - 2*d**2 + 6*d + 16. Let w(n) = 25*n**3 + n**2 - 3*n - 7. Let y(t) = -4*f(t) - 9*w(t). What is y(1)?
-20
Let b(t) = t**3 + 48*t**2 + 4*t + 182. Let g be b(-48). Let y(u) = -u - 3. Give y(g).
7
Suppose 0 = 5*l + 2*c - 38, -4*c = 5*l - 47 + 1. Let g(s) be the second derivative of -s**5/20 + 5*s**4/12 + 2*s**3/3 + 3*s**2 + 16*s. Calculate g(l).
-6
Let n(z) = 2*z - 209*z**2 + 104*z**2 - 5 + 106*z**2 + 4*z. Give n(-8).
11
Let h be (-66)/(-24) + (-2)/(-8). Let q(f) = f**2 + 6*f - 6. Let p be q(-7). Let c(y) = p - y + 3*y - y - 4. What is c(h)?
0
Let a = -24 + 29. Let r(l) = 4*l**2 - 5 - 10 + 10 + a*l - l**3. Determine r(4).
15
Let k be (2/1 - 8)*-19. Let o be 1/(-6) + k/36. Let a(z) = -4*z + 3*z + 4 + 0*z + 0*z**2 + 3*z**2 - z**3. Give a(o).
1
Suppose 5*f + 21 = 66. Let m(k) = -k**2 + 8*k - 2. What is m(f)?
-11
Let y(z) = -4*z**3 + 4*z + 1. Let j(b) = 2*b - 5. Let q be j(3). Let k(l) = l**3 - l - 1. Let n(w) = q*y(w) + 2*k(w). Give n(1).
-1
Let d(k) = -34*k + 1 - 36*k - 41*k + 140*k - 39*k. What is d(5)?
-49
Suppose 5*k = 2*z - 4*z + 16, -2*z = -3*k. Let g(o) = 14*o**2 - 8*o**k - 2*o - 7*o**2. Calculate g(-3).
-3
Let c(l) = 3 - 4 + 6 + l**2 + 9*l + 7 - 2. Give c(-7).
-4
Let z(u) be the second derivative of 0 + u**2 - 1/6*u**3 + 4*u. Suppose -14*k + 10 = -12*k. Give z(k).
-3
Suppose -3*r - 3*z + 1 - 22 = 0, r - 4*z - 8 = 0. Let t(b) = b**2 + 2*b - 1. What is t(r)?
7
Suppose p + 12 = 3*p. Suppose -4*r + p - 30 = 0. Let t(l) = -l**3 - 6*l**2 + 4. Determine t(r).
4
Let b(l) = -13*l - 2. Let h(m) = -11*m. Let y(n) = -5*b(n) + 6*h(n). Determine y(6).
4
Let b(n) = 7*n. Let q(f) = -f + 19. Let z be q(15). Suppose z*u - 3*t + 2